*r - 38. What is the units digit of b(-6)?
0
Suppose y + 3*b = 147, 5*b + 0*b = 2*y - 261. Suppose y = -0*q + 2*q. Suppose 3*j - q = -2*g, 3*j - 2*g = 3*g + 48. What is the units digit of j?
1
Let l = -898 + 1532. What is the tens digit of l?
3
Let l(h) = h**3 - 7*h**2 + 3*h + 2. Let f be l(6). Let b = f - -36. What is the units digit of b?
0
Suppose 192 = 4*s + 52. Suppose -3*x = -2*x + n - s, -3*n - 23 = -x. What is the tens digit of x?
3
What is the units digit of (33568/24)/((-4)/(-12))?
6
Let u(x) = 536*x - 59. What is the hundreds digit of u(3)?
5
Suppose -156 = -3*f + 5*g, 0 = f + 5*g - g - 52. Let n = f + 48. What is the tens digit of n?
0
Suppose 0 = -10*w + 6*w - 12. Let s be (6/w + 3)*77. What is the units digit of s/2 - 1/2?
8
Let v(o) = -3*o + 1. Let q be v(-2). Suppose -3*t - 5*p = -q*t + 7, 15 = 4*t + 3*p. Suppose y = -t*y + 84. What is the tens digit of y?
2
Let u(k) be the third derivative of -k**6/120 + k**5/30 - k**4/24 + 5*k**2. Let i be u(2). What is the units digit of 1/(i/(-2)) + 2?
3
Suppose -4*c + 238 = 14. Suppose c = -14*h + 18*h. What is the tens digit of h?
1
Let g(z) = -456*z**3 + z**2 - z. Let d be g(1). Let o = d - -820. What is the units digit of (o/(-14))/(0 + -1)?
6
Let f = 35 + -35. Let h(t) = t**3 + t**2 - t + 61. What is the tens digit of h(f)?
6
Let b be (-2 + 7 - 2) + -3. Let y be 1 - (-3 - b/1). Suppose -26 = -y*z + 22. What is the units digit of z?
2
Suppose -4452 = 8*r - 12*r. What is the hundreds digit of r?
1
Suppose p + 2*p = 6. Suppose 5*u - 21 = -p*u. Suppose -u*j + 70 = -98. What is the tens digit of j?
5
Let t = -7 - -13. Suppose -463 = -t*x + x - o, -282 = -3*x - 2*o. What is the tens digit of x?
9
Suppose 7 - 2 = 4*a + g, 0 = 2*a + 5*g + 11. Suppose 2*c - 5*m + 577 = 6*c, 3*c + a*m - 424 = 0. What is the tens digit of c?
3
Let s(p) be the first derivative of 2*p**3 + p**2 - p + 18. What is the units digit of s(-2)?
9
Let f(k) = 516*k**2 - 24*k - 26. What is the units digit of f(-2)?
6
Let m(w) = -w**2 + 3*w + 3. Let n be m(3). Suppose 4*q - 37 = -n*t, 5*q + 5*t - 45 = -0*t. What is the tens digit of q?
1
Let c = -12 - -14. Suppose -c*t + 4*m + 80 = 0, -4*m - 109 = -3*t + 15. What is the tens digit of t?
4
Let x = -24 + 8. Suppose -49 = 3*n + 92. Let m = x - n. What is the tens digit of m?
3
Suppose f + 3*i = 22, 4*i - 21 + 55 = 5*f. What is the tens digit of 78/(-195) - (688/f)/(-2)?
3
Suppose 2*n = -b + 153, 5*n + 8*b - 5*b = 382. Let z = n + -74. What is the units digit of z?
3
Let b = -5625 + 10256. What is the hundreds digit of b?
6
Let i = 34 - 30. Suppose 269 = i*j - 111. What is the units digit of j?
5
Suppose -13*h - 146 - 88 = 0. Let b(g) = -11*g - 50. What is the hundreds digit of b(h)?
1
Let q = -505 + 900. What is the tens digit of q?
9
Let s = -21 - -31. Suppose -4*r + 2*a - s = 0, 3*r + 2*a = -27 + 9. Let q(m) = -m - 1. What is the units digit of q(r)?
3
Suppose 11 = z + 22. Let a(k) = -12*k - 5 - 3*k**2 + 2*k**2 - k**2 + k**2. What is the units digit of a(z)?
6
Suppose -98*u = -103*u. Suppose 0 = -a + 2 + 2. Suppose u = -a*q + q + 93. What is the units digit of q?
1
Let a(n) = -n**3 - 4*n**2 + 7*n - 9. What is the tens digit of a(-6)?
2
Let z(y) = y**3 - 10*y**2 + 16*y + 10. Let i(c) = 2*c**2 - 3*c - 3. Let s be i(3). Suppose -x + 11 = -3*w + s*w, -2*w = -2. What is the tens digit of z(x)?
1
Let s be 264/77 - 4/(-7). Let g(j) = s*j**2 - 3*j**2 + 10*j + 0*j - 2*j - 15. What is the tens digit of g(-11)?
1
Let l be 3 - 7 - (-18)/2. Suppose 0 = -l*v + z + 149, 4*v - z - 62 = 57. What is the tens digit of v?
3
Let f = -61 + 65. What is the tens digit of 170*f/12*3?
7
Let h(j) = -j**3 + 4*j**2 + 23*j + 4010. What is the tens digit of h(0)?
1
Let o(i) be the third derivative of 1/20*i**5 - 1/2*i**3 + 0 + 0*i + 1/24*i**4 + 3*i**2. What is the units digit of o(3)?
7
What is the hundreds digit of -10 - (-11134)/3 - (-4)/(-12)?
7
Let o be (-5)/7 - (-8)/(-28). Let u(g) = g**3 + g**2 - 1. Let v(m) = 5*m**3 - 2*m**2 - 3*m - 15. Let f(r) = o*v(r) + 6*u(r). What is the tens digit of f(-7)?
3
Let i(f) = -30*f - 84. What is the units digit of i(-16)?
6
Let f = 11 + -8. Suppose 0 = -0*h - f*h + 6. Suppose -4*t - 3*x + 52 = -0*x, h*x = 4*t - 32. What is the tens digit of t?
1
Suppose -14*a + 4552 = -6*a. What is the hundreds digit of a?
5
Suppose -5*n + 3*n + 14 = 0. Let y(x) = x**2 - 8*x - 1. Let g be y(n). What is the tens digit of (18/4)/(g/(-96))?
5
Suppose 214*c - 210*c + 3*v = 728, -v = -2*c + 354. What is the hundreds digit of c?
1
Let f = -25 + 188. What is the units digit of f?
3
Let m = 4889 + -1104. What is the hundreds digit of m?
7
Let o be 10/4*(-1 + 3). Suppose 33 + 27 = 4*l - p, -3*l = -o*p - 62. Suppose 3*g = -4*f + 60, -f - 2*g + g = -l. What is the units digit of f?
8
Suppose 6*r - r + 805 = 0. Let t = r - -224. What is the tens digit of t?
6
Let y be 4/(-16) - (-3)/12. Suppose y*d - 11*d = -242. What is the units digit of d?
2
What is the tens digit of (-10293)/(-9) + 19/57?
4
Suppose 5*l = -9*l + 56196. What is the hundreds digit of l?
0
Let q = 49 + -52. What is the hundreds digit of (-9)/q*448/12?
1
Suppose 18*g - 216 = 22*g. What is the tens digit of -3*4/g - 680/(-18)?
3
Suppose 2*n - 4*o = -n + 5233, 2*o = 2*n - 3490. What is the hundreds digit of n?
7
Let b = -841 + 1858. What is the thousands digit of b?
1
Let a(m) = -15*m - 70. What is the units digit of a(-5)?
5
Let q(o) = 12*o**2 - 4*o - 6. Let z be q(-5). Suppose 2*y = -4*f + z, -2*f - 3*y = -4*f + 145. What is the units digit of f?
7
Suppose -28*m + 23*m + 5*o = -3140, 0 = -4*o + 20. What is the units digit of m?
3
Let c be 4/((-7)/((-315)/46) - 1). Suppose 4*q = -p + c, p + p = q - 54. What is the tens digit of q?
4
Let g = 80 + 598. What is the tens digit of g?
7
Suppose -5*w - 5*o + 7935 = 0, -3*w + 5*o = -6*w + 4763. What is the thousands digit of w?
1
Let o be ((-12)/18)/(1/6). Let d(y) = y**3 + 3*y**2 + 5*y + 2. Let a be d(-4). What is the tens digit of o/a - (-1084)/34?
3
Let y(q) = -3*q**2 - 12*q + 8. Let k(v) = -v**3 + 3*v**2 + 5*v. Let o be k(4). Let d(s) = -s**2 - s. Let f(c) = o*d(c) - y(c). What is the units digit of f(6)?
4
Suppose 0 = 4*u - 6*u + 734. What is the hundreds digit of u?
3
Let l(t) = -345*t - 875. What is the units digit of l(-19)?
0
What is the units digit of 4/18 + (-7)/(63/(-3418))?
0
Let h = -6207 + 8984. What is the hundreds digit of h?
7
Let c(h) be the first derivative of h**6/120 - h**5/60 - h**4/24 + 2*h**3/3 + 5. Let v(k) be the third derivative of c(k). What is the tens digit of v(4)?
3
Suppose 0 = 13*m - 5*m - 2296. Suppose 89 = -4*a + 5*a - 5*w, 4*a + 3*w = m. What is the tens digit of a?
7
Let y = -803 - -2019. What is the thousands digit of y?
1
Let y(u) = u**2 - 2*u - 80. What is the tens digit of y(16)?
4
Let o = 334 + 519. What is the units digit of o?
3
Suppose 13 = 5*i - a, 0 = 3*i - 2*i + 2*a + 4. Suppose 4*y - 8*k + 3*k = 288, i*y - 130 = -k. What is the tens digit of y?
6
Let i(r) = r**2 - 8*r + 8. Let c be i(7). What is the units digit of (3 - 1)/c*(-107)/(-2)?
7
Suppose 0 = 4*d + 39 + 61. Let q = d - -140. What is the tens digit of q?
1
Let g be -2*(-3)/6*-72. Let t = g + 107. Let y = -22 + t. What is the units digit of y?
3
Let i(r) = 20*r**2 + r - 2. Let g be i(3). What is the hundreds digit of (-1)/((-1)/g*1)?
1
Let i be 3 + (-3)/(0 + 3). Suppose 5*v + 5 = 0, 0 = 2*o - i*v - 6 - 22. Suppose -m = -14 - o. What is the tens digit of m?
2
Suppose -4*p - b + 2509 - 537 = 0, 0 = 2*b. What is the tens digit of p?
9
Let m = -697 - -1359. What is the tens digit of m?
6
Let j = 1549 + 164. What is the hundreds digit of j?
7
Let v(j) = -j - 4. Let t be v(-5). Let a(l) = 4*l - 2. Let k be a(t). Suppose -2*w - 90 = -5*b, 2*b - w = -k*b + 72. What is the tens digit of b?
1
Suppose -u = -3*u + 2*h + 10, -5*u + h = -9. Let g(j) = 2*j**3 - j. Let w be g(u). Let r = w - -19. What is the tens digit of r?
2
Suppose 4*t = 12, 5*d - 99 = 3*t - t. Suppose -4*k + k + d = 0. Let q = 10 - k. What is the units digit of q?
3
Let j(y) = -2*y**3 + 75*y**2 + 36*y + 112. What is the tens digit of j(37)?
1
Suppose 3*z + 17 + 923 = 2*o, 2*o = -4*z + 968. What is the units digit of o?
6
Let d(o) = -o**3 + 13*o**2 + 2*o - 5. Suppose 5*f = -32 + 62. What is the tens digit of d(f)?
5
Suppose 